{"id":403,"date":"2014-04-10T19:29:42","date_gmt":"2014-04-10T17:29:42","guid":{"rendered":"http:\/\/solidarnosc80malopolska.pl\/?page_id=403"},"modified":"2014-04-10T19:29:42","modified_gmt":"2014-04-10T17:29:42","slug":"w-obronie-krzyza","status":"publish","type":"page","link":"http:\/\/solidarnosc80malopolska.pl\/?page_id=403","title":{"rendered":"W obronie Krzy\u017ca"},"content":{"rendered":"<div class=\"fcbkbttn_buttons_block\" id=\"fcbkbttn_left\"><div class=\"fcbkbttn_like \"><fb:like href=\"http:\/\/solidarnosc80malopolska.pl\/?page_id=403\" action=\"like\" colorscheme=\"light\" layout=\"button_count\"  size=\"small\"><\/fb:like><\/div><div class=\"fb-share-button  \" data-href=\"http:\/\/solidarnosc80malopolska.pl\/?page_id=403\" data-type=\"button_count\" data-size=\"small\"><\/div><\/div>\n\t<span class=\"fbreplace\">\n\t<!-- FBML <div class=\"fb-like\" data-href=\"http:\/\/solidarnosc80malopolska.pl\/?page_id=403\" data-send=\"true\" data-layout=\"standard\" data-width=\"450\" show_faces=\"false\" data-action=\"recommend\" data-font=\"\" style=\"margin: 0px 0px 0px 0px;\"><\/div> FBML -->\n\t<\/span>\n\t\n<p><strong>\u00a0 Wok\u00f3\u0142 obozu koncentracyjnego w O\u015bwi\u0119cimiu, jako muzeum wpisanego na list\u0119 <\/strong><strong>dziedzictwa \u015bwiatowego UNESCO, ustanowiono 500m stref\u0119 ochronn\u0105, w obr\u0119bie kt\u00f3rej nie wolno nic zmienia\u0107. Umieszczony w 1984, w budynku Starego Teatru, w Brzezince, klasztor karmelitanek, wskutek nacisku spo\u0142eczno\u015bci \u017cydowskiej, zosta\u0142 przeniesiony w 1993 roku do nowej siedziby. Przed klasztorem, na \u017bwirowisku, w 1988 r, w miejscu upami\u0119tniaj\u0105cym m\u0119cze\u0144stwo zamordowanych w tym miejscu ofiar stan\u0105\u0142 tzw. Krzy\u017c Papieski. By\u0142 to ten sam krzy\u017c, pod kt\u00f3rym nasz Papie\u017c Jan Pawe\u0142 II odprawi\u0142 w 1979 r. Msz\u0119 w by\u0142ym obozie. Krzy\u017c, dla chrze\u015bcijan jest znakiem chwa\u0142y, przedmiotem uwielbienia <\/strong><strong>i czci, natomiast dla przedstawicieli judaizmu jest przypomnieniem ich prze\u015bladowa\u0144 i upokorze\u0144. Po przeniesieniu klasztoru istnia\u0142<\/strong><strong><a href=\"http:\/\/solidarnosc80malopolska.pl\/wp-content\/uploads\/2014\/04\/zdjecie20.jpg\"><img loading=\"lazy\" decoding=\"async\" class=\" wp-image-404 alignright\" alt=\"zdjecie20\" src=\"http:\/\/solidarnosc80malopolska.pl\/wp-content\/uploads\/2014\/04\/zdjecie20-300x200.jpg\" width=\"383\" height=\"261\" \/><\/a><\/strong><strong>y uzasadnione obawy, \u017ce wskutek nacisku spo\u0142eczno\u015bci \u017cydowskiej Krzy\u017c ze \u017bwirowiska mo\u017ce zosta\u0107 usuni\u0119ty. powsta\u0142 Spo\u0142eczny Komitet Obrony Krzy\u017ca.<br \/>\nNajaktywniejszy cz\u0142onek Spo\u0142ecznego Komitetu Obrony Krzy\u017ca, Kazimierz \u015awito\u0144, w czerwcu 1998 roku na \u017bwirowisku rozbi\u0142 namiot i og\u0142osi\u0142 g\u0142od\u00f3wk\u0119. K. \u015awito\u0144 twierdzi\u0142, \u017ce krzy\u017c papieski nale\u017cy otoczy\u0107 innymi, by chroni\u0142y go, jak oddzia\u0142 \u017co\u0142nierzy. W kr\u00f3tkim czasie zainicjowano zwo\u017cenie krzy\u017cy z ca\u0142ej Polski. Zwozili i stawiali je wierni w imieniu parafii lub indywidualnie. Do\u0142\u0105czyli\u015bmy, jako Zwi\u0105zek, do obro\u0144c\u00f3w Krzy\u017ca. Na zdj\u0119ciu obok, \u00f3wczesny Cz\u0142onek Komisji Mi\u0119dzyzak\u0142adowej S80M Huty im. T. Sendzimira w Krakowie, Kol. A. Miko\u0142ajczyk, na \u017bwirowisku.<\/strong><\/p>\n<p><strong>\u00a0 Z ko\u0144cem maja 1999 roku policja, na wniosek w\u0142adz, usun\u0119\u0142a ze \u017bwirowiska ponad 300 krzy\u017cy, w tym i nasz (ten na kt\u00f3ry na zdj\u0119ciu obok przybijana jest tabliczka) i przewioz\u0142a je <\/strong><strong><a href=\"http:\/\/solidarnosc80malopolska.pl\/wp-content\/uploads\/2014\/04\/zdjecie21.jpg\"><img loading=\"lazy\" decoding=\"async\" class=\" wp-image-405 alignleft\" alt=\"zdjecie21\" src=\"http:\/\/solidarnosc80malopolska.pl\/wp-content\/uploads\/2014\/04\/zdjecie21-300x200.jpg\" width=\"381\" height=\"260\" \/><\/a><\/strong><strong>na teren klasztoru franciszkan\u00f3w w Harm\u0119\u017cach, kilka kilometr\u00f3w od O\u015bwi\u0119cimia. Z p\u0142otu okalaj\u0105cego \u017bwirowisko znikn\u0119\u0142y r\u00f3wnie\u017c pami\u0105tkowe tablice po\u015bwi\u0119cone pomordowanym w tym miejscu Polakom. Budynek Starego Teatr zamieniono na Centrum Edukacyjne Muzeum Auschwitz-Birkenau. Krzy\u017c dzi\u0119ki staraniom takich Ludzi jak K. \u015awito\u0144 pozosta\u0142 na miejscu. R\u00f3wnie\u017c pozosta\u0142a cudem uratowana figurka Matki Bo\u017cej.<\/strong><\/p>\n<p><strong>\u00a0K. \u015awito\u0144 bardzo cz\u0119sto wspiera\u0142 swoj\u0105 osob\u0105 walk\u0119 Huty w Krakowie o <\/strong><strong><a href=\"http:\/\/solidarnosc80malopolska.pl\/wp-content\/uploads\/2014\/04\/zdjecie22.jpg\"><img loading=\"lazy\" decoding=\"async\" class=\"wp-image-408 alignright\" alt=\"zdjecie22\" src=\"http:\/\/solidarnosc80malopolska.pl\/wp-content\/uploads\/2014\/04\/zdjecie22-300x199.jpg\" width=\"446\" height=\"301\" \/><\/a><\/strong><strong>jej istnienie. Bra\u0142 udzia\u0142 w bardzo wielu wiecach przed Hut\u0105, by\u0142 cz\u0119stym go\u015bciem Ko<\/strong><strong>misji Mi\u0119dzyzak\u0142adowej <\/strong><strong>S80M dzia\u0142aj\u0105cej w tym zak\u0142adzie. Na zdj\u0119ciu obok K. \u015awito\u0144 podczas manifestacji i marszu spod bramy g\u0142\u00f3wnej krakowskiej Huty pod Urz\u0105d Dzielnicowy w Nowej Hucie.<\/strong><\/p>\n","protected":false},"excerpt":{"rendered":"<div class=\"fcbkbttn_buttons_block\" id=\"fcbkbttn_left\"><div class=\"fcbkbttn_like \"><fb:like href=\"http:\/\/solidarnosc80malopolska.pl\/?page_id=403\" action=\"like\" colorscheme=\"light\" layout=\"button_count\"  size=\"small\"><\/fb:like><\/div><div class=\"fb-share-button  \" data-href=\"http:\/\/solidarnosc80malopolska.pl\/?page_id=403\" data-type=\"button_count\" data-size=\"small\"><\/div><\/div><p>\u00a0 Wok\u00f3\u0142 obozu koncentracyjnego w O\u015bwi\u0119cimiu, jako muzeum wpisanego na list\u0119 dziedzictwa \u015bwiatowego UNESCO, ustanowiono 500m stref\u0119 ochronn\u0105, w obr\u0119bie kt\u00f3rej nie wolno nic zmienia\u0107. Umieszczony w 1984, w budynku Starego Teatru, w Brzezince, klasztor karmelitanek, wskutek nacisku spo\u0142eczno\u015bci \u017cydowskiej, &hellip; <a class=\"more-link\" href=\"http:\/\/solidarnosc80malopolska.pl\/?page_id=403\">Czytaj dalej <span class=\"meta-nav\">&rarr;<\/span><\/a><\/p>\n","protected":false},"author":1,"featured_media":0,"parent":171,"menu_order":0,"comment_status":"closed","ping_status":"closed","template":"","meta":{"pgc_sgb_lightbox_settings":"","footnotes":""},"class_list":["post-403","page","type-page","status-publish","hentry"],"_links":{"self":[{"href":"http:\/\/solidarnosc80malopolska.pl\/index.php?rest_route=\/wp\/v2\/pages\/403","targetHints":{"allow":["GET"]}}],"collection":[{"href":"http:\/\/solidarnosc80malopolska.pl\/index.php?rest_route=\/wp\/v2\/pages"}],"about":[{"href":"http:\/\/solidarnosc80malopolska.pl\/index.php?rest_route=\/wp\/v2\/types\/page"}],"author":[{"embeddable":true,"href":"http:\/\/solidarnosc80malopolska.pl\/index.php?rest_route=\/wp\/v2\/users\/1"}],"replies":[{"embeddable":true,"href":"http:\/\/solidarnosc80malopolska.pl\/index.php?rest_route=%2Fwp%2Fv2%2Fcomments&post=403"}],"version-history":[{"count":4,"href":"http:\/\/solidarnosc80malopolska.pl\/index.php?rest_route=\/wp\/v2\/pages\/403\/revisions"}],"predecessor-version":[{"id":410,"href":"http:\/\/solidarnosc80malopolska.pl\/index.php?rest_route=\/wp\/v2\/pages\/403\/revisions\/410"}],"up":[{"embeddable":true,"href":"http:\/\/solidarnosc80malopolska.pl\/index.php?rest_route=\/wp\/v2\/pages\/171"}],"wp:attachment":[{"href":"http:\/\/solidarnosc80malopolska.pl\/index.php?rest_route=%2Fwp%2Fv2%2Fmedia&parent=403"}],"curies":[{"name":"wp","href":"https:\/\/api.w.org\/{rel}","templated":true}]}}